+ -11).
14
Calculate 15 - (5 - 3 - -18).
-5
Calculate 6 + -2 - (-3 - 3).
10
8 + (19 + -27 - 23)
-23
What is 0 + -35 - (-21 - 9)?
-5
Calculate 24 + (-82 - -2) + 30.
-26
What is -2 + -5 - (-1 + 3 - (-16 + 20))?
-5
What is the value of 6 - (25 + -15 - -9)?
-13
Evaluate 10 + 1 + -2 - (933 - 936).
12
(-7 - -2 - 9) + (0 - 0 - 0)
-14
Evaluate -43 + (13 - (-23 + 22)).
-29
Calculate 15 - ((9 - -40) + -31).
-3
What is 14 + (-39 - -78) + -39?
14
Calculate -52 + -1 - (-524 - -507).
-36
What is (0 - 1) + (2 - 1) + (2 - 3)?
-1
Evaluate (4 - (0 - -12)) + (-1 + 9 - 16).
-16
What is 3 + (-3 - 2) + 6?
4
19 - (-13 - -8 - -10) - 38
-24
Calculate 14 + -13 + (27 - (-11 - (-9 + 6))).
36
13 - (4 + -8 + 2 + -16)
31
What is (2 - 12 - (-142 + 117)) + -42?
-27
What is -32 + 29 - (8 + 0) - -43?
32
What is the value of 38 - 6 - (75 + -52)?
9
What is the value of -21 - (1 + -6 + -6 - -2)?
-12
-5 - -1 - (266 + -283)
13
-13 + (58 + -11 - 9)
25
10 - (45 + -55 - (0 + 1))
21
What is the value of -53 - (-2 + -26) - -16?
-9
Evaluate -6 + (13 - -2 - -1) + 2 + -39.
-27
What is (-1 + 23 + 0 - 8) + -31?
-17
What is the value of (1 - -3) + (2 + -9 + 7 - 18)?
-14
What is (-8 - -7 - -14) + -8 + -4?
1
What is the value of -22 + 4 + 136 + -131?
-13
Evaluate 0 - (8 - 1) - (16 - 24).
1
Evaluate 1 + -1 + 6 + (-453 - -445).
-2
What is 7 + 6 + -1 + -16 + (0 - -11)?
7
Calculate (14 + -31 - -9) + 12 - -33.
37
Calculate 10 - (-6 - (-4 + 2) - -1).
13
What is the value of -49 + 31 - (1 + -21)?
2
Evaluate 14 - (1 + (-2 - -2) + -25 + 26).
12
(4 - (11 + (3 - (-9 - -9)))) + 11
1
What is the value of -18 - (18 + -8 - 45)?
17
What is the value of 9 - 0 - (-234 + 281) - -13?
-25
Evaluate -8 + -4 + 0 + -17 - -11.
-18
What is (9 + 15 - 8) + -2?
14
Evaluate ((5 - -3) + -16 - 28) + 14.
-22
17 + 17 + (-53 - -17)
-2
What is (3 + 2 - -1) + -217 + 219?
8
What is 22 - 14 - (8 - (8 + 0))?
8
Calculate 8 + (1 + (0 + 29 - 11) - 4).
23
Evaluate 1 + -4 - (-9 - -6) - (-21 + 18).
3
Calculate (0 - 12) + 12 + 17.
17
-1 - (0 + 9) - (13 + -10 + -5)
-8
103 - 118 - (1 - 0 - 5)
-11
Evaluate 252 + -250 + -12 + 0.
-10
8 + 32 + -33 + 0 + 1
8
What is -13 + 7 - (-19 + 4 - -11)?
-2
What is (5 - 4 - -9) + (-24 - -20)?
6
Evaluate 4 + (4 - 6 - -20).
22
17 + -13 + (-28 - -6) + 1
-17
Evaluate 17 + -11 - (-1 - (5 + -16) - 12).
8
What is the value of -15 - -9 - (-9 - (0 - 1))?
2
Calculate 2 - 2 - (-11 - -13) - 6.
-8
Calculate -8 + (14 - 4) + -16 + -1.
-15
Evaluate (7 - (4 - 2)) + -9 + (8 - 4).
0
(9 - 2) + -1 + 19 + -42 + -3
-20
-5 + 4 + 3 - (-22 + -5 + 6)
23
What is 325 + -329 + -1 + -2 + 14?
7
6 - ((14 - 11) + (2 - -7 - -1))
-7
Calculate -29 - ((-31 - -13) + -7 + 12).
-16
Evaluate (6 - -1) + -1 - (-2 - -13) - -16.
11
What is -14 + -9 + 19 - (-2 + -5)?
3
What is -2 - ((3 - 4) + (-2 - -5 - -1))?
-5
Calculate -10 - ((-254 - -196) + (-2 - (-9 - 2))).
39
What is -1 - (-6 + 9 + 6) - -13?
3
What is 18 - 41 - (-40 + 12)?
5
Calculate 25 - (8 + 22 + -5).
0
(-16 - -2) + (0 - 8 - -4 - -10)
-8
(6 - (-1 - (-4 + 0))) + -12
-9
(-2 - (-4 + -3)) + (-13 - -3)
-5
Evaluate (18 - -3) + (0 - 1) + (-295 - -288).
13
What is -1 + 9 + (-23 - (-13 - -3) - -7)?
2
Calculate (9 - (11 + 0 - 3)) + -12.
-11
Evaluate 2 - 60 - (190 - 221).
-27
17 + (13 - (16 + -3)) - (0 + 7)
10
What is the value of -12 - -8 - 0 - -13?
9
What is 7 + (-67 + 55 - (-19 + 1))?
13
(-26 - (-54 - -10)) + (15 - 0)
33
Calculate 7 + -2 + -5 + 3.
3
What is the value of 388 - 397 - ((0 - 0) + -2)?
-7
Calculate (0 - (1 - -3)) + -2 + -17 + 20.
-3
(-2 - (4 + -4)) + 43 + (-29 - -20)
32
What is the value of -1 - -8 - (1089 + -1047)?
-35
What is -10 + 9 + 13 - 13?
-1
Calculate 3 + 11 + -5 + 1 + (-8 - -5).
7
-2 + (2 - 1 - 3) - (13 - 10)
-7
What is 4 + -47 + 0 + (30 - 13)?
-26
Evaluate 9 - (6 - -1 - (34 - 46)).
-10
Evaluate (12 - (68 - 30)) + 34.
8
What is 26 + (41 - 16) + -44?
7
Evaluate 11 + -11 + 36 + -11.
25
What is 17 + (10 - 20) + (-4 - -6) + -2?
7
Calculate 7 - 14 - (-2 - 2) - 7.
-10
Evaluate 20 + -15 + -20 + 6 + -12.
-21
493 + -511 + (0 - (-5 - -1 - 1))
-13
What is 7 + 2 + 7 + -7 + -1?
8
Calculate 5 + (-2 - (2 - 2)).
3
0 + -8 + 13 + (2 - -3)
10
-8 + 6 + 3 + -1 + 14
14
Calculate -3588 + 3582 - (0 - -1 - (1 - 3)).
-9
What is the value of -21 + -49 + 53 - (1 + -3)?
-15
Evaluate -20 - (-34 - 10) - 53.
-29
Evaluate (-17 - -37) + 4 + -12.
12
1 - (-4 - -5 - -9 - (-17 - -1))
-25
What is 6 + (-3 - (8 - 13 - (-5 - 0)))?
3
(-34 - -41 - (6 + 1)) + (-8 - 1)
-9
Calculate (0 - 15) + (-26 - 1 - -29).
-13
What is the value of 80 - 89 - (-24 - -5)?
10
What is the value of -1 + -22 + 14 + (23 - 1)?
13
-6 + -5 + (17 - 4)
2
16 + 8 + -7 + (7 - -4)
28
What is the value of 2 + (20 - 21) - 10?
-9
What is the value of 4 - (-15 + 6) - 6?
7
4 - (11 + -8 + -1)
2
Evaluate -3 + 19 - -1 - 22.
-5
Evaluate -15 + (-14 - (4 - 16)).
-17
22 - (1 - 1) - (26 + 3 - 27)
20
What is 5 + -5 + (-8 - (8 + -5))?
-11
Evaluate -10 - (2 - (-2 + 0 + (-117 - -110))).
-21
What is 7 + -7 + 2 + (-12 - -8)?
-2
13 + -4 - (-2 - -5)
6
3 + 4 + 5 + -49 - (-52 + 43)
-28
What is the value of -6 + -8 + 20 + -7 + 7?
6
Evaluate -11 + 12 - (10 - 13 - (-1 + 0)).
3
What is the value of (-6 - (-16 + 28 + -2)) + 28?
12
Evaluate -4 - -24 - (7 + -2).
15
(-2 + 0 - (6 - 7)) + 0
-1
-2 + 0 + 7 + (18 - 24)
-1
2 - (23 + -19 - (-2 - 5) - 1)
-8
Evaluate -478 - -475 - (0 + (1 - 17)) - 5.
8
44 + (-19 - (-5 + 7))
23
Evaluate 12 - (-18 + 23 - (0 - -13)).
20
12 + -5 + (15 - 18) - -5
9
Calculate -20 + (0 + 8 + 3 - 6).
-15
What is 12 - (3 + 26 + (29 - 18))?
-28
Calculate (-15 - 2) + -30 + 34 + 30.
17
What is the value of 5 - (-2 + -26 - (-43 + 40))?
30
Evaluate 7 - (0 - 4 - -1) - (11 + -14).
13
What is 4 + -1 - -13 - (8 + -1 + -6)?
15
What is the value of -24 + 4 - -15 - -27?
22
Calculate 4 + 17 + -6 + -4 + 2.
13
Calculate (-2 + 11 - (24 + -14)) + 5.
4
What is the value of -13 - (-7 - -8 - 1)?
-13
Evaluate 22 + (3 - 6) + 2 + 4 + -3.
22
(-15 - -1) + 671 + -639
18
Calculate 20 + -52 - -29 - (-2 - -12 - 1).
-12
(17 - 38) + 6 + 5
-10
Calculate (-10 - 24) + 8 - -19.
-7
-8 + 1 + (-14 - 1) + 11
-11
Evaluate -9 + (-3 - (-1 - 7)) + -1 + 31.
26
Calculate 9 + -20 + (-6 - -5).
-12
Evaluate (5 - (17 - 6) - -7) + -3.
-2
What is -10 + -16 - (-2 + 2 + 122 + -130)?
-18
What is 0 - (9 + -18) - 26?
-17
(-5 - (3 - 11)) + -4 + 7
6
What is the value of 9 - (-3 + 4 + -1 - (-27 + 21))?
3
Evaluate 14 + -20 + 4 - 8.
-10
(10 - 6 - -7) + -14 - (-27 + 3)
21
Evaluate -10 - (6 + -15) - (11 + 13).
-25
What is the value of (20 - 0) + -7 + -7?
6
What is -21 + (15 + -9 + 1 - 0)?
-14
Evaluate -4 - (5 + -21 + -3) - 0.
15
What is 2 + 18 + 334 + -343?
11
Calculate 61 + -62 + -1 + 12 + -4.
6
Calculate -42 + 33 - (-8 - 9).
8
Calculate -10 + 10 + (-11 - -1) - (3 - 8).
-5
7 - ((-4 - 0) + -1 - (-248 + 199))
-37
Calculate (11 - 31 - -21) + 0 + -20 - 5.
-24
What is the value of (17 - 2) + 19 + (22 - 42)?
14
(0 - (3 - (5 + -1))) + 5 + -19
-13
Evaluate -3 - (9 + -4) - (-17 - 0).
9
Evaluate (-3 - 2) + 1 + 4 - (-10 + 16).
-6
What is -8 - (-3 + 3) - (8 - 24)?
8
Evaluate (6 - 8) + 10 + 5 + 0 + -2.
11
-2 + -13 + -8 + 7
-16
What is (-16 - -8 - -2) + 0 + -10 + 10?
-6
7 + -1 + 2 - (-6 + -1 + 4)
11
Evaluate (6 - (10 - 1) - 0) + 3.
0
What is the value of 18 + -17 + 12 + -1 + -43?
-31
6 - ((0 - 0 - 4) + (44 - 26))
-8
5 - (5 + -2) - (-17 + (-2 - -13))
8
What is the value of -9 + -1 + 26 + -10 + 1 + -5?
2
What is -32 + 11 - 11 - (-1 + 3)?
-34
Calculate 1 - 1 - (58 + -152 + 87).
7
What is -110 + 120 + -10 + 0 + 0?
0
Calculate -20 - (-36 - (-48 + 29)).
-3
0 - -1 - (-10 + 10) - 5
-4
Evaluate 21 - (2 + (5 - 4)).
18
Evaluate (7 - (2 + 19 + -7)) + -6 - -1.
-12
Evaluate -9 + (-1 - ((3 - (7 + -6)) + -4)).
-8
15 - (-5 + -9 + 25)
4
Calculate -4 + (-4 - 4) - -17.
5
Calculate 10 + (-22 - (4 - 6) - (48 - 60)).
2
Calculate 7 + (0 - 15) + 6 - -2.
0
What is 0 + (10 + -32 - -9) + -15?
-28
Calculate 45 + -54 + 1 + 30.
22
Calculate -23 + 6 + 24 + -2.
5
(-11 + 13 - -5) + -5
2
What is -57 + 36 + -16 - (0 + -6)?
-31
What is (-4 - 0) + 2 - (-43 + 62)?
-21
49 + (-2 - (34 - 23))
36
What is -13 - ((-2 - (-2 - 3)) + 1 + 3)?
-20
6 + (-54 - (21 - 39))
-30
(62 - 3) + -26 - 13
20
6 + -13 + (1 - 2) - (0 - -7)
-15
Evaluate -10 + (0 - 0) - ((67 - -32) + -130).
21
Calculate 9 - 3 - (-5 - (4 - 17)) - 9.
-11
What is the value of 8 + (3 - 9) + -4?
-2
Evaluate (-14 + -3 - -23) + -10.
-4